te?
True
Is 9527 prime?
False
Is 2153 prime?
True
Is 787 composite?
False
Is 112501 composite?
False
Is 2429 a composite number?
True
Is 480065 a prime number?
False
Is 3137 prime?
True
Is 4271 prime?
True
Is 41917 composite?
True
Is 15527 a composite number?
False
Is 323987 a composite number?
False
Is 73939 a prime number?
True
Is 728653 a prime number?
False
Is 99539 composite?
True
Is 18391 composite?
True
Is 317153 composite?
True
Is 521 a prime number?
True
Is 55489 a prime number?
False
Is 5615 prime?
False
Is 47221 a composite number?
False
Is 356987 composite?
True
Is 29473 a prime number?
True
Is 402099 prime?
False
Is 1511 composite?
False
Is 2437 composite?
False
Is 88069 a prime number?
True
Is 448303 prime?
True
Is 7309 prime?
True
Is 25097 a prime number?
True
Is 10661 composite?
True
Is 103979 a composite number?
False
Is 68863 composite?
False
Is 58711 a prime number?
True
Is 216329 a composite number?
False
Is 511859 a prime number?
True
Is 1807 a composite number?
True
Is 8989 prime?
False
Is 187787 a prime number?
True
Is 128911 composite?
True
Is 2179 prime?
True
Is 155299 composite?
False
Is 801847 composite?
True
Is 8537 a composite number?
False
Is 1208017 a prime number?
True
Is 208451 prime?
False
Is 12223 composite?
True
Is 307067 composite?
False
Is 52961 a prime number?
False
Is 83713 a prime number?
False
Is 70639 a prime number?
True
Is 12677 composite?
True
Is 752699 composite?
False
Is 1293529 a composite number?
False
Is 886283 composite?
False
Is 341 prime?
False
Is 14318 a prime number?
False
Is 587593 prime?
False
Is 275111 composite?
True
Is 102791 composite?
True
Is 24571 a prime number?
True
Is 270407 prime?
True
Is 307499 a prime number?
False
Is 681367 prime?
True
Is 23093 a composite number?
True
Is 181879 prime?
False
Is 5549 a prime number?
False
Is 223 a composite number?
False
Is 1847 prime?
True
Is 43391 a prime number?
True
Is 1277 a composite number?
False
Is 71317 composite?
False
Is 228647 a prime number?
True
Is 432913 a prime number?
False
Is 392753 prime?
False
Is 10903 composite?
False
Is 52529 a composite number?
False
Is 57037 prime?
True
Is 51193 a prime number?
True
Is 2600677 a composite number?
True
Is 2025829 composite?
True
Is 151337 prime?
True
Is 11962 prime?
False
Is 305611 prime?
True
Is 281873 a composite number?
True
Is 159441 prime?
False
Is 1889 prime?
True
Is 872687 a composite number?
False
Is 2459 prime?
True
Is 98138 composite?
True
Is 186469 prime?
True
Is 1291 composite?
False
Is 15109 a prime number?
False
Is 9107 prime?
False
Is 1106327 prime?
False
Is 17617 composite?
True
Is 11863 a prime number?
True
Is 6711 a composite number?
True
Is 163109 a prime number?
True
Is 1460567 prime?
True
Is 1211 prime?
False
Is 152489 a composite number?
True
Is 11089 composite?
True
Is 54251 composite?
False
Is 20897 prime?
True
Is 1148479 composite?
True
Is 3645347 a prime number?
True
Is 358637 prime?
True
Is 5971 a composite number?
True
Is 256267 composite?
True
Is 421303 a prime number?
True
Is 18409 a composite number?
True
Is 291545 a composite number?
True
Is 578723 prime?
False
Is 128471 prime?
False
Is 60941 a prime number?
False
Is 4727501 a prime number?
True
Is 572161 prime?
True
Is 157083 a prime number?
False
Is 34211 a prime number?
True
Is 138863 a prime number?
True
Is 105349 prime?
False
Is 5561 a composite number?
True
Is 688742 a prime number?
False
Is 3102851 a composite number?
False
Is 2831903 prime?
True
Is 81343 a composite number?
False
Is 765151 composite?
False
Is 352691 prime?
True
Is 120503 a composite number?
False
Is 82333 prime?
False
Is 316391 composite?
False
Is 183611 composite?
False
Is 84605 prime?
False
Is 189177 composite?
True
Is 1584123 a composite number?
True
Is 1218683 composite?
False
Is 19369 a composite number?
True
Is 28151 composite?
False
Is 544601 a prime number?
True
Is 89051 prime?
True
Is 4570585 a composite number?
True
Is 1361999 prime?
True
Is 73079 composite?
False
Is 178469 a prime number?
True
Is 5969 a composite number?
True
Is 202754 a prime number?
False
Is 12014 a composite number?
True
Is 3299 prime?
True
Is 4981 a prime number?
False
Is 2228657 prime?
True
Is 250345 a prime number?
False
Is 2410153 prime?
True
Is 6803 composite?
False
Is 3983773 a composite number?
False
Is 2333 a prime number?
True
Is 16673 a composite number?
False
Is 197033 composite?
False
Is 502891 a prime number?
False
Is 162209 a prime number?
True
Is 9533 composite?
False
Is 1651 a composite number?
True
Is 1788631 a composite number?
True
Is 384809 prime?
False
Is 9901 a prime number?
True
Is 17246 prime?
False
Is 16741 prime?
True
Is 28321 composite?
True
Is 173887 a composite number?
True
Is 270893 composite?
True
Is 6977 a prime number?
True
Is 5501 a prime number?
True
Is 1348987 a composite number?
False
Is 20613 composite?
True
Is 210901 a prime number?
True
Is 743 prime?
True
Is 1055 a composite number?
True
Is 180023 prime?
True
Is 2006689 a composite number?
False
Is 191 composite?
False
Is 367249 a prime number?
False
Is 1292089 a prime number?
True
Is 41459 prime?
False
Is 6239 composite?
True
Is 101407 prime?
False
Is 10973 composite?
False
Is 35885 composite?
True
Is 857663 a prime number?
True
Is 10559 a composite number?
False
Is 642049 prime?
True
Is 6997 composite?
False
Is 693569 a composite number?
False
Is 7483 prime?
False
Is 4781 a composite number?
True
Is 2099 a composite number?
False
Is 565013 composite?
False
Is 65553 prime?
False
Is 72797 composite?
False
Is 42839 a prime number?
True
Is 3943 prime?
True
Is 18489 a prime number?
False
Is 26327 prime?
False
Is 236191 a prime number?
False
Is 2771 a prime number?
False
Is 7993 composite?
False
Is 127549 prime?
True
Is 233477 a composite number?
False
Is 16163 a prime number?
False
Is 205969 composite?
True
Is 7817 a prime number?
True
Is 57518 a composite number?
True
Is 5190131 a prime number?
False
Is 887 prime?
True
Is 1391353 a prime number?
True
Is 11927 prime?
True
Is 271283 a prime number?
False
Is 189629 a prime number?
False
Is 15305 a prime number?
False
Is 1293 a composite number?
True
Is 189331 a prime number?
False
Is 16726 a composite number?
True
Is 10379 a prime number?
False
Is 1130729 composite?
True
Is 18041 a composite number?
False
Is 22181 a prime number?
False
Is 22609 a composite number?
True
Is 517745 a composite number?
True
Is 39073 composite?
True
Is 226589 a prime number?
False
Is 5137 a prime number?
False
Is 590281 a prime number?
False
Is 29717 a composite number?
False
Is 336893 a composite number?
True
Is 541 composite?
False
Is 46103 prime?
True
Is 9055 composite?
True
Is 187211 a composite number?
False
Is 19857 a prime number?
False
Is 25015 composite?
True
Is 275111 prime?
False
Is 263 a composite number?
False
Is 160309 a composite number?
False
Is 48731 prime?
True
Is 24989 prime?
True
Is 122767 a prime number?
False
Is 262417 a composite number?
True
Is 4327 a prime number?
True
Is 2039 prime?
True
Is 237955 a composite number?
True
Is 31129 prime?
False
Is 71351 composite?
True
Is 1078189 a composite number?
True
Is 1606723 a composite number?
False
Is 80257 a composite number?
True
Is 684709 a prime number?
False
Is 41879 a composite number?
False
Is 389 prime?
True
Is 397 prime?
True
Is 30062 composite?
True
Is 331127 composite?
False
Is 250489 a composite number?
False
Is 943 prime?
False
Is 76301 a composite number?
True
Is 117833 a prime number?
True
Is 45233 prime?
True
Is 2890861 composite?
False
Is 446599 a composite number?
True
Is 21877 a composite number?
True
Is 68141 prime?
True
Is 9649 prime?
True
Is 1794361 composite?
False
Is 2333 prime?
True
Is 163307 prime?
True
Is 164023 composite?
False
Is 110083 a composite number?
False
Is 44047 prime?
False
Is 338377 composite?
True
Is 34003 a composite number?
True
Is 1397 composite?
True
Is 738219 composite?
True
Is 23717 composite?
True
Is 2161 prime?
True
Is 1399 composite?
False
Is 1381 a composite number?
False
Is 31121 prime?
True
Is 19567 composite?
True
Is 454889 composite?
False
Is 8119 prime?
False
Is 2474 a composite number?
True
Is 955 composite?
True
Is 276251 a composite number?
False
Is 392723 composite?
False
Is 81967 prime?
True
Is 7343 a com